{"id":2,"date":"2024-03-07T11:01:11","date_gmt":"2024-03-07T10:01:11","guid":{"rendered":"http:\/\/taxicadet.fr\/?page_id=2"},"modified":"2024-03-07T14:11:22","modified_gmt":"2024-03-07T13:11:22","slug":"taxi-c-cadet","status":"publish","type":"page","link":"https:\/\/taxicadet.fr\/","title":{"rendered":"TAXI C. CADET"},"content":{"rendered":"\n<p>Tel : <strong>06 07 52 80 66<\/strong><\/p>\n\n\n\n<p>Mail : <a href=\"mailto:taxi.cadet@wanadoo.fr\" target=\"_blank\" rel=\"noreferrer noopener\">taxi.cadet@wanadoo.fr<\/a><\/p>\n\n\n\n<p>21 Bis rue Saint Martin &#8211; 70800 Fontaine les Luxeuil<\/p>\n\n\n\n<p>Votre partenaire transport depuis 1985 <\/p>\n\n\n\n<p>A votre service 7jours\/7 &#8211; 24h\/24 &#8211; Tous transports &#8211; France\/Europe<\/p>\n\n\n\n<p>Transport de malades assis &#8211; TAP &#8211; Conventionn\u00e9 toutes caisses : Hospitalisation\/Consultation &#8211; Radioth\u00e9rapie\/Chimioth\u00e9rapie &#8211; Dialyse &#8211; Urgences &#8211; Accident du travail<\/p>\n\n\n\n<p>Gare &#8211; A\u00e9roport &#8211; Transport rapide de marchandise &#8211; France\/Europe &#8211; Colis express<\/p>\n\n\n\n<p>3 V\u00e9hicules climatis\u00e9s et confortables &#8211; Personnel qualifi\u00e9 et \u00e0 votre \u00e9coute<\/p>\n\n\n\n<p>2 ADS 70800 FONTAINE LES LUXEUIL<\/p>\n\n\n\n<p>1 ADS 70300 CITERS<\/p>\n","protected":false},"excerpt":{"rendered":"<p>Tel : 06 07 52 80 66 Mail : taxi.cadet@wanadoo.fr 21 Bis rue Saint Martin &#8211; 70800 Fontaine les Luxeuil Votre partenaire transport depuis 1985 A votre service 7jours\/7 &#8211; 24h\/24 &#8211; Tous transports &#8211; France\/Europe Transport de malades assis &#8211; TAP &#8211; Conventionn\u00e9 toutes caisses : Hospitalisation\/Consultation &#8211; Radioth\u00e9rapie\/Chimioth\u00e9rapie &#8211; Dialyse &#8211; Urgences &#8211;&hellip; <a class=\"more-link\" href=\"https:\/\/taxicadet.fr\/\">Poursuivre la lecture <span class=\"screen-reader-text\">TAXI C. CADET<\/span><\/a><\/p>\n","protected":false},"author":1,"featured_media":23,"parent":0,"menu_order":0,"comment_status":"closed","ping_status":"closed","template":"","meta":{"footnotes":""},"class_list":["post-2","page","type-page","status-publish","has-post-thumbnail","hentry","entry"],"_links":{"self":[{"href":"https:\/\/taxicadet.fr\/index.php\/wp-json\/wp\/v2\/pages\/2","targetHints":{"allow":["GET"]}}],"collection":[{"href":"https:\/\/taxicadet.fr\/index.php\/wp-json\/wp\/v2\/pages"}],"about":[{"href":"https:\/\/taxicadet.fr\/index.php\/wp-json\/wp\/v2\/types\/page"}],"author":[{"embeddable":true,"href":"https:\/\/taxicadet.fr\/index.php\/wp-json\/wp\/v2\/users\/1"}],"replies":[{"embeddable":true,"href":"https:\/\/taxicadet.fr\/index.php\/wp-json\/wp\/v2\/comments?post=2"}],"version-history":[{"count":7,"href":"https:\/\/taxicadet.fr\/index.php\/wp-json\/wp\/v2\/pages\/2\/revisions"}],"predecessor-version":[{"id":33,"href":"https:\/\/taxicadet.fr\/index.php\/wp-json\/wp\/v2\/pages\/2\/revisions\/33"}],"wp:featuredmedia":[{"embeddable":true,"href":"https:\/\/taxicadet.fr\/index.php\/wp-json\/wp\/v2\/media\/23"}],"wp:attachment":[{"href":"https:\/\/taxicadet.fr\/index.php\/wp-json\/wp\/v2\/media?parent=2"}],"curies":[{"name":"wp","href":"https:\/\/api.w.org\/{rel}","templated":true}]}}